{"id":147,"date":"2025-08-31T16:00:17","date_gmt":"2025-08-31T16:00:17","guid":{"rendered":"https:\/\/neu.bwnossen.de\/?page_id=147"},"modified":"2025-08-31T17:05:53","modified_gmt":"2025-08-31T17:05:53","slug":"geschichte","status":"publish","type":"page","link":"https:\/\/neu.bwnossen.de\/?page_id=147","title":{"rendered":"Geschichte"},"content":{"rendered":"\n<details class=\"wp-block-details has-medium-font-size is-layout-flow wp-block-details-is-layout-flow\"><summary>1900 &#8211; 1950<\/summary>\n<TABLE>\n<TR><TD align=\"right\" >1923  \t <\/TD><TD width=\"25px\"><\/TD><TD align=\"left\">Bildung des Bahnbetriebswerks Nossen als eigenst\u00e4ndige Dienststelle               <\/TD><\/TR>\n<TR><TD align=\"right\" >1929      <\/TD><TD width=\"25px\"><\/TD><TD align=\"left\">Stationierung eines Hilfszuges                                                    <\/TD><\/TR>\n<TR><TD align=\"right\" >1941      <\/TD><TD width=\"25px\"><\/TD><TD align=\"left\">Einheitslokomotiven der BR 50 werden in Nossen stationiert                        <\/TD><\/TR>\n<TR><TD align=\"right\" >1943      <\/TD><TD width=\"25px\"><\/TD><TD align=\"left\">Vollst\u00e4ndige Abl\u00f6sung der BR 50 durch die neugebauten Kriegslokomotiven der BR 52 <\/TD><\/TR>\n<TR><TD align=\"right\" >31.08.1945<\/TD><TD width=\"25px\"><\/TD><TD align=\"left\">Zum Bestand des Bw Nossen z\u00e4hlen 25 Regelspur- und 76 Schmalspurdampfloks         <\/TD><\/TR>\n<TR><TD align=\"right\" >um 1950   <\/TD><TD width=\"25px\"><\/TD><TD align=\"left\">Das Bw Nossen setzt die dreizylindrige BR 56.1 (preu\u00df. G 83) ein                  <\/TD><\/TR>\n<\/TABLE>\n<\/details>\n\n\n\n<details class=\"wp-block-details has-medium-font-size is-layout-flow wp-block-details-is-layout-flow\"><summary>1951 &#8211; 1970<\/summary>\n<TABLE>\n<TR><TD align=\"right\" >01.04.1951  <\/TD><TD width=\"25px\"><\/TD><TD align=\"left\">Bildung des Bw M\u00fcgeln und Wilsdruff aus den Schmalspureinsatzstellen des Bw Nossen  <\/TD><\/TR>\n<TR><TD align=\"right\" >um 1960     <\/TD><TD width=\"25px\"><\/TD><TD align=\"left\">Die BR 56.1 wird teilweise durch Lokomotiven der BR 58 (preu\u00df. G 12) abgel\u00f6st <\/TD><\/TR>\n<TR><TD align=\"right\" >1961        <\/TD><TD width=\"25px\"><\/TD><TD align=\"left\">Die ersten 2 Neubaumaschinen der BR 23.10 werden in Nossen beheimatet <\/TD><\/TR>\n<TR><TD align=\"right\" >1967        <\/TD><TD width=\"25px\"><\/TD><TD align=\"left\">Bw Nossen werden 3 Lokomotiven der BR V60 (106) f\u00fcr den Rangierdienst zugeteilt <\/TD><\/TR>\n<TR><TD align=\"right\" >01.11.1967  <\/TD><TD width=\"25px\"><\/TD><TD align=\"left\">Bw M\u00fcgeln wird aufgel\u00f6st und wieder zur Einsatzstelle des Bw Nossen <\/TD><\/TR>\n<TR><TD align=\"right\" >18.11.1969  <\/TD><TD width=\"25px\"><\/TD><TD align=\"left\">Nach l\u00e4ngerer Zeit werden in Nossen wieder Lokomotiven der BR 50 stationiert <\/TD><\/TR>\n<\/TABLE>\n<\/details>\n\n\n\n<details class=\"wp-block-details has-medium-font-size is-layout-flow wp-block-details-is-layout-flow\"><summary>1971 &#8211; 2000<\/summary>\n<table>\n<TR><TD align=\"right\" >01.12.1971   <\/TD><TD width=\"25px\"><\/TD><TD align=\"left\">38 205 wird als letzter &#8222;Rollwagen&#8220;, breits mit EDV-Nummer, in Nossen &#8222;z-gestellt&#8220; <\/TD><\/TR>\n<TR><TD align=\"right\" >02.07.1974   <\/TD><TD width=\"25px\"><\/TD><TD align=\"left\">Die letzte L\u00e4nderbahnlokomotive des Bw Nossen wird abgestellt, die Baureihen 35.10 (23.10) und 50 werden zum typischen Bild f\u00fcr Nossen <\/TD><\/TR>\n<TR><TD align=\"right\" >01.02.1976   <\/TD><TD width=\"25px\"><\/TD><TD align=\"left\">Das Bw Wilsdruff wird aufgel\u00f6st, die Einsatzstellen Radebeul und Freital kommen zum Bw Nossen <\/TD><\/TR>\n<TR><TD align=\"right\" >25.09.1976   <\/TD><TD width=\"25px\"><\/TD><TD align=\"left\">Dem Bw Nossen werden 11 Lokomotiven der BR 110 zugeteilt <\/TD><\/TR>\n<TR><TD align=\"right\" >21.05.1977   <\/TD><TD width=\"25px\"><\/TD><TD align=\"left\">Letzter planm\u00e4\u00dfiger Einsatz einer BR 35.10 des Bw Nossen und zugleich bei der Deutschen Reichsbahn <\/TD><\/TR>\n<TR><TD align=\"right\" >23.06.1978   <\/TD><TD width=\"25px\"><\/TD><TD align=\"left\">Die erste Maschine der BR 50.35 wird in Nossen beheimatet <\/TD><\/TR>\n<TR><TD align=\"right\" >27.05.1980   <\/TD><TD width=\"25px\"><\/TD><TD align=\"left\">Lokf\u00fchrer des Bw Nossen fahren erstmals planm\u00e4\u00dfig E-Loks im Vorortverkehr Dresden <\/TD><\/TR>\n<TR><TD align=\"right\" >23.02.1981   <\/TD><TD width=\"25px\"><\/TD><TD align=\"left\">Im Bw Nossen werden erstmals keine Normalspurdampfloks mehr eingesetzt <\/TD><\/TR>\n<TR><TD align=\"right\" >01.12.1981   <\/TD><TD width=\"25px\"><\/TD><TD align=\"left\">Das Bw Nossen setzt wieder planm\u00e4\u00dfig Normalspurdampfloks ein (zur Einsparung von Dieselkraftstoff) <\/TD><\/TR>\n<TR><TD align=\"right\" >26.09.1982   <\/TD><TD width=\"25px\"><\/TD><TD align=\"left\">Die 35 1113, Museumsfahrzeug des Bw Nossen, bespannt wieder planm\u00e4\u00dfig Z\u00fcge (bis 16.02.1985) <\/TD><\/TR>\n<TR><TD align=\"right\" >01.01.1986   <\/TD><TD width=\"25px\"><\/TD><TD align=\"left\">Die letzte Altbau-50er des Bw Nossen wird z-gestellt <\/TD><\/TR>\n<TR><TD align=\"right\" >30.05.1987   <\/TD><TD width=\"25px\"><\/TD><TD align=\"left\">Das letzte Mal wird ein Zug von einer Normalspurdampflok des Bw Nossen bef\u00f6rdert <\/TD><\/TR>\n<TR><TD align=\"right\" >01.10.1994   <\/TD><TD width=\"25px\"><\/TD><TD align=\"left\">Das Bw Nossen wird als eigenst\u00e4ndige Dienststelle aufgel\u00f6st <\/TD><\/TR>\n<TR><TD align=\"right\" >23.05.1998   <\/TD><TD width=\"25px\"><\/TD><TD align=\"left\">Mit der Einstellung des Reiseverkehrs auf der Strecke Riesa &#8211; Nossen, wurde Nossen auch als Personaleinsatzstelle aufgel\u00f6st. Seit dem ist unser Verein Nutzer des Lokschuppens. <\/TD><\/TR>\n<\/table>\n<\/details>\n\n\n\n<details class=\"wp-block-details has-medium-font-size is-layout-flow wp-block-details-is-layout-flow\"><summary>2000 &#8211; 2010<\/summary>\n<TABLE>\n<TR><TD align=\"right\" >07.12.2003\t<\/TD><TD width=\"25px\"><\/TD><TD align=\"left\">Unsere Dampflok 52 8047-4 hat alle Pr\u00fcfungen bestanden und ist einsatzbereit f\u00fcr Sonderfahrten. <\/TD><\/TR>\n<TR><TD align=\"right\" >08.12.2003\t<\/TD><TD width=\"25px\"><\/TD><TD align=\"left\">Die Dampfloks 18 201 und 52 8079 von Dampf Plus sind ab heute im Bw Nossen stationiert &#8211; somit stehen 3 betriebsf\u00e4hige Dampfloks im Bw Nossen. <\/TD><\/TR>\n<TR><TD align=\"right\" >20.12.2003\t<\/TD><TD width=\"25px\"><\/TD><TD align=\"left\">Die Dampflok 52 8047-4 hat ihren ersten Einsatz bei der Wiederinbetriebnahme und Er\u00f6ffnungsfahrt der M\u00fcglitztalbahn. <\/TD><\/TR>\n<TR><TD align=\"right\" >April 2004\t<\/TD><TD width=\"25px\"><\/TD><TD align=\"left\">Nach einem kleinen Rangierunfall ist unsere Dampflok 52 8047-4 vor\u00fcbergehend nicht mehr Einsatzbereit. <\/TD><\/TR>\n<TR><TD align=\"right\" >18.12.2004\t<\/TD><TD width=\"25px\"><\/TD><TD align=\"left\">Lok 52 8047-4 ist am 18.12.2004 mit dem ersten Sonderzug f\u00fcr die IG Dampflok Nossen e.V. unterwegs. <\/TD><\/TR>\n<TR><TD align=\"right\" >05.11.2005\t<\/TD><TD width=\"25px\"><\/TD><TD align=\"left\">Die Bem\u00fchungen um den Erhalt der Strecke Nossen &#8211; Freiberg haben sich gelohnt. Nach dem die RIS Sachsen GmbH im November 2005 die Strecke \u00fcbernommen hatte, konnte am 05.11.2005 ihre Wiederinbetriebnahme mit zwei Sonderz\u00fcgen, gezogen von den Loks 52 8047-4 und 52 8079-7 gefeiert werden. <\/TD><\/TR>\n<TR><TD align=\"right\" >Mai 2006\t<\/TD><TD width=\"25px\"><\/TD><TD align=\"left\">Anl\u00e4sslich des Eisenbahnfestes kam die Dampflok 52 8029-2, welche f\u00fcr mehrere Jahre von der Firma WFL angemietet ist, nach Nossen. Im Verlauf des Jahres entschieden sich die Eigent\u00fcmer, die Lok vorerst in Nossen zu stationieren. <\/TD><\/TR>\n<TR><TD align=\"right\" >24.10.2006\t<\/TD><TD width=\"25px\"><\/TD><TD align=\"left\">Nach einer Bauzeit von einem Monat konnte an der Zellwaldbahn ein neuer Haltepunkt er\u00f6ffnet werden. Er befindet sich unweit des Klosters Altzella kurz vor Nossen. Der neue Haltepunkt tr\u00e4gt den Namen &#8222;Haltepunkt Kloster Altzella&#8220; und wurde nur mit Spendengeldern errichtet. <\/TD><\/TR>\n<TR><TD align=\"right\" >18.11.2006\t<\/TD><TD width=\"25px\"><\/TD><TD align=\"left\">Die Dampflok 52 8131, welche ebenfalls der Firma WFL geh\u00f6rt, kam am 18.11.2006 in das Bw Nossen. Jetzt sind vier Dampfloks der Baureihe 52 und mit 18 201 insgesamt drei betriebsf\u00e4hige Dampfloks in Nossen stationiert. Derzeit wird die Lok 52 8131 durch die Firma WFL wieder betriebsf\u00e4hig aufgearbeitet. <\/TD><\/TR>\n<TR><TD align=\"right\" >02.01.2007\t<\/TD><TD width=\"25px\"><\/TD><TD align=\"left\">Am 02.01.2007 kam die WFL Lok 11 der Firma WFL per Tieflader nach Nossen. Diese Lok steht jetzt unserem Verein f\u00fcr Rangierarbeiten und Sonderfahrten auf der Zellwaldbahn zur Verf\u00fcgung. <\/TD><\/TR>\n<TR><TD align=\"right\" >27.10.2007\t<\/TD><TD width=\"25px\"><\/TD><TD align=\"left\">Die Dampflok 35 1113-6, welche dem DB Museum geh\u00f6rt, kommt nach 6 Jahren wieder zur\u00fcck in ihr Heimat Bw. Nach dem Sie im Jahr 2001 nach Leipzig-Plagwitz ging, ist es uns gelungen die Dampflok wieder zur\u00fcck zu holen. <\/TD><\/TR>\n<TR><TD align=\"right\" >28.10.2007\t<\/TD><TD width=\"25px\"><\/TD><TD align=\"left\">Die Dampflok 52 8047-4 hatte an diesem Tag ihren letzten Einsatz! Am 29.10.2007 lief bei der Maschine die Kesselfrist ab. Doch die Mitglieder des Vereins wollen die Lok noch im Jahr 2008 wieder betriebsf\u00e4hig aufarbeiten. <\/TD><\/TR>\n<TR><TD align=\"right\" >18.08.2008\t<\/TD><TD width=\"25px\"><\/TD><TD align=\"left\">Nach umfangreichen Arbeiten am Kessel der Lok 52 8047-4 und dem Einbau eines neuen Rohrsatzes wurde die Lok durch den Kesselpr\u00fcfer bei einer Dampfprobe begutachtet und neue g\u00fcltige Kesselfristen f\u00fcr die n\u00e4chsten 3 Jahre erteilt. <\/TD><\/TR>\n<TR><TD align=\"right\" >11.04.2009\t<\/TD><TD width=\"25px\"><\/TD><TD align=\"left\">Die Lok 50 3610-8 der Firma Wedler &#038; Franz GbR ist nach erfolgreicher Kesselhauptuntersuchung nun auch in Nossen beheimatet. Somit gibt es nun wieder eine betriebsf\u00e4hige Lok der Baureihe 50 in Nossen. Mit dieser Lok sind in Nossen vier &#8211; f\u00fcnf betriebsf\u00e4hige Dampfloks stationiert. <\/TD><\/TR>\n<TR><TD align=\"right\" >17.04.2009\t<\/TD><TD width=\"25px\"><\/TD><TD align=\"left\">Die viele Jahre in Gro\u00dfvoigtsberg abgestellte N4 wurde an diesem Tag mit einer V10B aus dem Bestand der IG Dampflok Nossen e.V. ausgetauscht. Die N4 ist betriebsf\u00e4hig und dient uns als &#8222;Bw-Schub&#8220;. Die nicht betriebsf\u00e4hige V10B ist nun Ausstellungslok vor einem kleinen historischen G\u00fcterzug in Gro\u00dfvoigtsberg. <\/TD><\/TR>\n<TR><TD align=\"right\" >Juni 2009\t<\/TD><TD width=\"25px\"><\/TD><TD align=\"left\">Auf der Zellwaldbahn finden erstmals umfangreiche Filmarbeiten f\u00fcr den TV-Film &#8222;Go West &#8211; Freiheit um jeden Preis&#8220; statt. Dies war der Auftakt zu den Filmdrehs auf der Zellwaldbahn, im laufe des Jahres wurden noch einige Drehs f\u00fcr andere Filme durchgef\u00fchrt. <\/TD><\/TR>\n\n<\/TABLE>\n<\/details>\n\n\n\n<details class=\"wp-block-details has-medium-font-size is-layout-flow wp-block-details-is-layout-flow\"><summary>2010 &#8211; 2020<\/summary>\n<table>\n<TR><TD align=\"right\" >13.-14.02.2010\t<\/TD><TD width=\"25px\"><\/TD><TD align=\"left\">Die Vereinsdampflok 52 8047-4 hatte an diesem Wochenende ihren ersten gro\u00dfen Einsatz 2010 bei einer Plandampfveranstaltung, wo sie gemeinsam mit der Lok 52 8154 schwere Kohlenz\u00fcge mit ca. 1500t Last vom Tagebau Profen ins Kraftwerk Meuselwitz bef\u00f6rderte. <\/TD><\/TR>\n<TR><TD align=\"right\" >11.06.2010\t<\/TD><TD width=\"25px\"><\/TD><TD align=\"left\">Unsere 110 101-3 hat die HU bestanden und steht f\u00fcr Eins\u00e4tze bereit. <\/TD><\/TR>\n<TR><TD align=\"right\" >12.07.2011\t<\/TD><TD width=\"25px\"><\/TD><TD align=\"left\">Nach dem vorzeitigen Fristablauf unserer Lok 52 8047 kann diese nur noch kalt besichtigt werden. <\/TD><\/TR>\n<TR><TD align=\"right\" >17.01.2012\t<\/TD><TD width=\"25px\"><\/TD><TD align=\"left\">Erstmals verl\u00e4\u00dft mit 52 8029 eine Lok das Bw Nossen. Sie wurde durch die WFL nach Mietende an ihren Eigent\u00fcmer zur\u00fcckgegeben. <\/TD><\/TR>\n<TR><TD align=\"right\" >19.04.2012\t<\/TD><TD width=\"25px\"><\/TD><TD align=\"left\">Nachdem 03 2155 bereits seit einiger Zeit zur Fertigstellung ihrer HU in Nossen weilte, wurde sie an diesem Tag mit erfolgreicher Probefahrt durch die WFL wieder in Dienst gestellt. <\/TD><\/TR>\n<TR><TD align=\"right\" >30.04.2012\t<\/TD><TD width=\"25px\"><\/TD><TD align=\"left\">Nachdem 52 8079 bereits seit l\u00e4ngere Zeit in Dresden stationiert ist, hat nun auch 18 201 mit dem gesamten Wagenpark von DampfPlus das Bw Nossen verlassen <\/TD><\/TR>\n<TR><TD align=\"right\" >05.03.2014\t<\/TD><TD width=\"25px\"><\/TD><TD align=\"left\">1. Protestfahrt gegen die Abbestellung des Schienenpersonennahver-kehr (SPNV), zwischen Mei\u00dfen &#8211; Nossen &#8211; D\u00f6beln. <\/TD><\/TR>\n<TR><TD align=\"right\" >09.02.2015\t<\/TD><TD width=\"25px\"><\/TD><TD align=\"left\">\u00dcberf\u00fchrung des Triebwagen Pendolino  610 012-6 von Hof nach Nossen als Leihgabe des DB Museums. Bis zur Fertigstellung unserer Fahrzeughalle wird der Triebwagenin Niederau untergestellt <\/TD><\/TR>\n<TR><TD align=\"right\" >12.12.2015\t<\/TD><TD width=\"25px\"><\/TD><TD align=\"left\">Letzter Triebwagen zwischen Mei\u00dfen &#8211; Nossen &#8211; D\u00f6beln. Damit verliert Nossen die letzte Anbindung zum Schienenpersonennahverkehr. Seit 14.12.2015 verkehren nur noch Mo.-Sa. regelm\u00e4\u00dfig G\u00fcterz\u00fcge auf der Strecke zwischen Nossen und Mei\u00dfen zum Tanklager Rh\u00e4sa. <\/TD><\/TR>\n<TR><TD align=\"right\" >02.05.2016\t<\/TD><TD width=\"25px\"><\/TD><TD align=\"left\">Grundst\u00fcckskauf von DB Netz AG. Damit ist das gesamte ehemalige Bahnbetriebswerk in Vereinsbesitz. Erarbeitung eines langfristigen Nutzungskonzeptes f\u00fcr die Betriebsk\u00fcche, Labor und das ehemalige Stofflager welches bauf\u00e4llig ist. <\/TD><\/TR>\n<TR><TD align=\"right\" >30.06.2016\t<\/TD><TD width=\"25px\"><\/TD><TD align=\"left\">Abschluss eines Infrastrukturnutzungsvertrages mit der Nossen- Riesaer Eisenbahn Compagnie (NRE) als Grundlage f\u00fcr die weitere schienenm\u00e4\u00dfige Anbindung. <\/TD><\/TR>\n<TR><TD align=\"right\" >28.07.2016\t<\/TD><TD width=\"25px\"><\/TD><TD align=\"left\">Beginn der Bauarbeiten zur Gleisverlegung f\u00fcr die geplante Errinnerungsst\u00e4tte \u201eZug in die Freiheit 1989&#8243;. <\/TD><\/TR>\n<TR><TD align=\"right\" >20.02.2017\t<\/TD><TD width=\"25px\"><\/TD><TD align=\"left\">Der Innenminister der Bundesrepublik Deutschland Thomas de Maizi\u00e8re erkundigt sich bei einem Besuch \u00fcber den Baufortschritt der Erinnerungsst\u00e4tte. Von hier aus soll der Zug mit seiner mobilen Ausstellung bundesweit unterwegs sein und vor allem junge Menschen \u00fcber die Ereignisse von 1989 informieren. <\/TD><\/TR>\n<TR><TD align=\"right\" >15.01.2018\t<\/TD><TD width=\"25px\"><\/TD><TD align=\"left\">Baubeginn Sanierung Stofflager durch bewilligte F\u00f6rdermittel <\/TD><\/TR>\n<\/table>\n<\/details>\n","protected":false},"excerpt":{"rendered":"","protected":false},"author":1,"featured_media":0,"parent":0,"menu_order":0,"comment_status":"closed","ping_status":"closed","template":"","meta":{"footnotes":""},"class_list":["post-147","page","type-page","status-publish","hentry"],"featured_image_url":[],"post_author":"admin","assigned_categories":"","yoast_head":"<!-- This site is optimized with the Yoast SEO plugin v27.1.1 - https:\/\/yoast.com\/product\/yoast-seo-wordpress\/ -->\n<title>Geschichte - BW-Nossen<\/title>\n<meta name=\"robots\" content=\"index, follow, max-snippet:-1, max-image-preview:large, max-video-preview:-1\" \/>\n<link rel=\"canonical\" href=\"https:\/\/neu.bwnossen.de\/?page_id=147\" \/>\n<meta property=\"og:locale\" content=\"de_DE\" \/>\n<meta property=\"og:type\" content=\"article\" \/>\n<meta property=\"og:title\" content=\"Geschichte - BW-Nossen\" \/>\n<meta property=\"og:url\" content=\"https:\/\/neu.bwnossen.de\/?page_id=147\" \/>\n<meta property=\"og:site_name\" content=\"BW-Nossen\" \/>\n<meta property=\"article:modified_time\" content=\"2025-08-31T17:05:53+00:00\" \/>\n<meta name=\"twitter:card\" content=\"summary_large_image\" \/>\n<meta name=\"twitter:label1\" content=\"Gesch\u00e4tzte Lesezeit\" \/>\n\t<meta name=\"twitter:data1\" content=\"7\u00a0Minuten\" \/>\n<script type=\"application\/ld+json\" class=\"yoast-schema-graph\">{\"@context\":\"https:\/\/schema.org\",\"@graph\":[{\"@type\":\"WebPage\",\"@id\":\"https:\/\/neu.bwnossen.de\/?page_id=147\",\"url\":\"https:\/\/neu.bwnossen.de\/?page_id=147\",\"name\":\"Geschichte - BW-Nossen\",\"isPartOf\":{\"@id\":\"https:\/\/neu.bwnossen.de\/#website\"},\"datePublished\":\"2025-08-31T16:00:17+00:00\",\"dateModified\":\"2025-08-31T17:05:53+00:00\",\"breadcrumb\":{\"@id\":\"https:\/\/neu.bwnossen.de\/?page_id=147#breadcrumb\"},\"inLanguage\":\"de\",\"potentialAction\":[{\"@type\":\"ReadAction\",\"target\":[\"https:\/\/neu.bwnossen.de\/?page_id=147\"]}]},{\"@type\":\"BreadcrumbList\",\"@id\":\"https:\/\/neu.bwnossen.de\/?page_id=147#breadcrumb\",\"itemListElement\":[{\"@type\":\"ListItem\",\"position\":1,\"name\":\"Startseite\",\"item\":\"https:\/\/neu.bwnossen.de\/\"},{\"@type\":\"ListItem\",\"position\":2,\"name\":\"Geschichte\"}]},{\"@type\":\"WebSite\",\"@id\":\"https:\/\/neu.bwnossen.de\/#website\",\"url\":\"https:\/\/neu.bwnossen.de\/\",\"name\":\"BW-Nossen\",\"description\":\"\",\"publisher\":{\"@id\":\"https:\/\/neu.bwnossen.de\/#organization\"},\"potentialAction\":[{\"@type\":\"SearchAction\",\"target\":{\"@type\":\"EntryPoint\",\"urlTemplate\":\"https:\/\/neu.bwnossen.de\/?s={search_term_string}\"},\"query-input\":{\"@type\":\"PropertyValueSpecification\",\"valueRequired\":true,\"valueName\":\"search_term_string\"}}],\"inLanguage\":\"de\"},{\"@type\":\"Organization\",\"@id\":\"https:\/\/neu.bwnossen.de\/#organization\",\"name\":\"BW-Nossen\",\"url\":\"https:\/\/neu.bwnossen.de\/\",\"logo\":{\"@type\":\"ImageObject\",\"inLanguage\":\"de\",\"@id\":\"https:\/\/neu.bwnossen.de\/#\/schema\/logo\/image\/\",\"url\":\"https:\/\/neu.bwnossen.de\/wp-content\/uploads\/2025\/09\/logo_bwnossen_klein2.png\",\"contentUrl\":\"https:\/\/neu.bwnossen.de\/wp-content\/uploads\/2025\/09\/logo_bwnossen_klein2.png\",\"width\":379,\"height\":379,\"caption\":\"BW-Nossen\"},\"image\":{\"@id\":\"https:\/\/neu.bwnossen.de\/#\/schema\/logo\/image\/\"}}]}<\/script>\n<!-- \/ Yoast SEO plugin. -->","yoast_head_json":{"title":"Geschichte - BW-Nossen","robots":{"index":"index","follow":"follow","max-snippet":"max-snippet:-1","max-image-preview":"max-image-preview:large","max-video-preview":"max-video-preview:-1"},"canonical":"https:\/\/neu.bwnossen.de\/?page_id=147","og_locale":"de_DE","og_type":"article","og_title":"Geschichte - BW-Nossen","og_url":"https:\/\/neu.bwnossen.de\/?page_id=147","og_site_name":"BW-Nossen","article_modified_time":"2025-08-31T17:05:53+00:00","twitter_card":"summary_large_image","twitter_misc":{"Gesch\u00e4tzte Lesezeit":"7\u00a0Minuten"},"schema":{"@context":"https:\/\/schema.org","@graph":[{"@type":"WebPage","@id":"https:\/\/neu.bwnossen.de\/?page_id=147","url":"https:\/\/neu.bwnossen.de\/?page_id=147","name":"Geschichte - BW-Nossen","isPartOf":{"@id":"https:\/\/neu.bwnossen.de\/#website"},"datePublished":"2025-08-31T16:00:17+00:00","dateModified":"2025-08-31T17:05:53+00:00","breadcrumb":{"@id":"https:\/\/neu.bwnossen.de\/?page_id=147#breadcrumb"},"inLanguage":"de","potentialAction":[{"@type":"ReadAction","target":["https:\/\/neu.bwnossen.de\/?page_id=147"]}]},{"@type":"BreadcrumbList","@id":"https:\/\/neu.bwnossen.de\/?page_id=147#breadcrumb","itemListElement":[{"@type":"ListItem","position":1,"name":"Startseite","item":"https:\/\/neu.bwnossen.de\/"},{"@type":"ListItem","position":2,"name":"Geschichte"}]},{"@type":"WebSite","@id":"https:\/\/neu.bwnossen.de\/#website","url":"https:\/\/neu.bwnossen.de\/","name":"BW-Nossen","description":"","publisher":{"@id":"https:\/\/neu.bwnossen.de\/#organization"},"potentialAction":[{"@type":"SearchAction","target":{"@type":"EntryPoint","urlTemplate":"https:\/\/neu.bwnossen.de\/?s={search_term_string}"},"query-input":{"@type":"PropertyValueSpecification","valueRequired":true,"valueName":"search_term_string"}}],"inLanguage":"de"},{"@type":"Organization","@id":"https:\/\/neu.bwnossen.de\/#organization","name":"BW-Nossen","url":"https:\/\/neu.bwnossen.de\/","logo":{"@type":"ImageObject","inLanguage":"de","@id":"https:\/\/neu.bwnossen.de\/#\/schema\/logo\/image\/","url":"https:\/\/neu.bwnossen.de\/wp-content\/uploads\/2025\/09\/logo_bwnossen_klein2.png","contentUrl":"https:\/\/neu.bwnossen.de\/wp-content\/uploads\/2025\/09\/logo_bwnossen_klein2.png","width":379,"height":379,"caption":"BW-Nossen"},"image":{"@id":"https:\/\/neu.bwnossen.de\/#\/schema\/logo\/image\/"}}]}},"jetpack_sharing_enabled":true,"_links":{"self":[{"href":"https:\/\/neu.bwnossen.de\/index.php?rest_route=\/wp\/v2\/pages\/147","targetHints":{"allow":["GET"]}}],"collection":[{"href":"https:\/\/neu.bwnossen.de\/index.php?rest_route=\/wp\/v2\/pages"}],"about":[{"href":"https:\/\/neu.bwnossen.de\/index.php?rest_route=\/wp\/v2\/types\/page"}],"author":[{"embeddable":true,"href":"https:\/\/neu.bwnossen.de\/index.php?rest_route=\/wp\/v2\/users\/1"}],"replies":[{"embeddable":true,"href":"https:\/\/neu.bwnossen.de\/index.php?rest_route=%2Fwp%2Fv2%2Fcomments&post=147"}],"version-history":[{"count":2,"href":"https:\/\/neu.bwnossen.de\/index.php?rest_route=\/wp\/v2\/pages\/147\/revisions"}],"predecessor-version":[{"id":150,"href":"https:\/\/neu.bwnossen.de\/index.php?rest_route=\/wp\/v2\/pages\/147\/revisions\/150"}],"wp:attachment":[{"href":"https:\/\/neu.bwnossen.de\/index.php?rest_route=%2Fwp%2Fv2%2Fmedia&parent=147"}],"curies":[{"name":"wp","href":"https:\/\/api.w.org\/{rel}","templated":true}]}}