{"id":118,"date":"2025-08-31T15:27:04","date_gmt":"2025-08-31T15:27:04","guid":{"rendered":"https:\/\/neu.bwnossen.de\/?page_id=118"},"modified":"2025-08-31T15:29:52","modified_gmt":"2025-08-31T15:29:52","slug":"spenden","status":"publish","type":"page","link":"https:\/\/neu.bwnossen.de\/?page_id=118","title":{"rendered":"Spenden"},"content":{"rendered":"\n<div class=\"wp-block-group alignfull is-style-section-4 has-accent-4-background-color has-background\" style=\"min-height:100vh;margin-top:0;margin-bottom:0\"><div class=\"wp-block-group__inner-container is-layout-constrained wp-block-group-is-layout-constrained\">\n<div class=\"wp-block-columns alignfull has-base-color has-accent-4-background-color has-text-color has-background has-link-color wp-elements-36f317029ca4b8254e1165c96d814096 is-layout-flex wp-container-core-columns-is-layout-9d6595d7 wp-block-columns-is-layout-flex\">\n<div class=\"wp-block-column is-vertically-aligned-center is-layout-flow wp-block-column-is-layout-flow\">\n<div class=\"wp-block-group\" style=\"padding-top:var(--wp--preset--spacing--50);padding-right:var(--wp--preset--spacing--50);padding-bottom:var(--wp--preset--spacing--50);padding-left:var(--wp--preset--spacing--50)\"><div class=\"wp-block-group__inner-container is-layout-flow wp-block-group-is-layout-flow\">\n<h2 class=\"wp-block-heading has-medium-font-size\">Seit dem\u00a0<strong>07.12.2003<\/strong>\u00a0war unsere Dampflok 52 8047-4 als betriebsf\u00e4hige Lok im Einsatz und bespannte dabei zahlreiche Sonderz\u00fcge. In all den Jahren hielt sie uns die Treue und war nie wegen gr\u00f6\u00dferer technischer St\u00f6rungen au\u00dfer Betrieb. Doch dann lief im Oktober 2007 die vierj\u00e4hrige Frist ab (Termin zur Zwischenuntersuchung). Wir verabschiedeten unsere Lok am 28.10.2007 mit einer Sonderfahrt von Nossen \u00fcber D\u00f6beln, Riesa, Dresden-Neustadt und Mei\u00dfen sowie einem Feuerwerk aus dem aktiven Dienst.<\/h2>\n\n\n\n<p class=\"has-medium-font-size\">Im darauffolgenden reichlichen halben Jahr wurde wahr, was viele nicht zu glauben wagten, unsere Lok stand mit neuen Fristen ab Mitte August 2008 wieder f\u00fcr Sonderfahrten zur Verf\u00fcgung. Dies gelang nur durch die unerm\u00fcdliche Arbeit einiger Vereinsmitglieder, die zahlreiche Stunden mit der Aufarbeitung verbrachten, allen voran Reinhard M\u00fcller. In diesem Zusammenhang wurde auch ein neuer Rohrsatz eingebaut. Dank gilt an dieser Stelle auch den zahlreichen Spendern, die dieses Vorhaben unterst\u00fctzten.entlich sollte die Lok so bis zum Ablauf der 8-Jahresfrist im Oktober 2011 zur Verf\u00fcgung stehen. Bei der Voruntersuchung f\u00fcr die im Sommer 2011 anstehenden Zwischenuntersuchung am Fahrwerk wurden jedoch Sch\u00e4den festgestellt, deren Reparatur f\u00fcr die verbleibende Nutzungszeit in keinem Verh\u00e4ltnis stand. Somit ist die Lokomotive seit Juli 2011 leider kalt abgestellt, wir konnten ihr deshalb nicht einmal eine w\u00fcrdige Abschiedsfahrt widmen.<\/p>\n\n\n\n<p class=\"has-medium-font-size\">Um die Lok wieder in Fahrt zu bringen, ist eine neue Hauptuntersuchung notwendig. Dazu m\u00fcssen auch umfangreiche Arbeiten am Fahrwerk durchgef\u00fchrt werden, da die Lok neue Radreifen ben\u00f6tigt. Doch diese Arbeiten m\u00fcssen in einer Fachwerkstatt durchgef\u00fchrt werden und die Kosten daf\u00fcr sprengen den finanziellen Rahmen unseres Vereins.<\/p>\n\n\n\n<p class=\"has-medium-font-size\">Daher sind wir auf alle Eisenbahnfreunde angewiesen, welche mit einer Spende dazu beitragen m\u00f6chten, da\u00df unsere alte Dame 52 8047-4 in Zukunft wieder mit Volldampf im Einsatz erlebt werden kann.<\/p>\n\n\n\n<p class=\"has-medium-font-size\"><strong>Spendenkonto:&nbsp;<\/strong>VR Bank Mittelsachsen e.G.<\/p>\n\n\n\n<p class=\"has-medium-font-size\">BLZ: 8606 5468 \/ Kto-Nr.: 1301 1095&nbsp; (BIC: GENODEF1DL1 \/ IBAN: DE66 8606 5468 00 1301 1095)<\/p>\n\n\n\n<p class=\"has-medium-font-size\">Zahlungsgrund: Spende HU 52 8047<\/p>\n\n\n\n<p class=\"has-medium-font-size\">Falls ben\u00f6tigt oder gew\u00fcnscht, stellen wir eine Spendenquittung aus. Voraussetzung daf\u00fcr ist jedoch die Bekanntgabe Ihrer Adresse auf dem \u00dcberweisungstr\u00e4ger.<\/p>\n<\/div><\/div>\n<\/div>\n\n\n\n<div class=\"wp-block-column is-layout-flow wp-block-column-is-layout-flow\">\n<div class=\"wp-block-cover is-light\" style=\"min-height:100vh;aspect-ratio:unset;\"><img loading=\"lazy\" decoding=\"async\" width=\"950\" height=\"625\" class=\"wp-block-cover__image-background wp-image-119 size-full\" alt=\"\" src=\"https:\/\/neu.bwnossen.de\/wp-content\/uploads\/2025\/08\/pic_005.jpg\" data-object-fit=\"cover\" srcset=\"https:\/\/neu.bwnossen.de\/wp-content\/uploads\/2025\/08\/pic_005.jpg 950w, https:\/\/neu.bwnossen.de\/wp-content\/uploads\/2025\/08\/pic_005-600x395.jpg 600w, https:\/\/neu.bwnossen.de\/wp-content\/uploads\/2025\/08\/pic_005-300x197.jpg 300w, https:\/\/neu.bwnossen.de\/wp-content\/uploads\/2025\/08\/pic_005-768x505.jpg 768w\" sizes=\"auto, (max-width: 950px) 100vw, 950px\" \/><span aria-hidden=\"true\" class=\"wp-block-cover__background has-background-dim-0 has-background-dim\" style=\"background-color:#8b8a8e\"><\/span><div class=\"wp-block-cover__inner-container is-layout-flow wp-block-cover-is-layout-flow\">\n<div style=\"height:var(--wp--preset--spacing--20)\" aria-hidden=\"true\" class=\"wp-block-spacer\"><\/div>\n<\/div><\/div>\n<\/div>\n<\/div>\n<\/div><\/div>\n","protected":false},"excerpt":{"rendered":"<p>Seit dem\u00a007.12.2003\u00a0war unsere Dampflok 52 8047-4 als betriebsf\u00e4hige Lok im Einsatz und bespannte dabei zahlreiche Sonderz\u00fcge. In all den Jahren hielt sie uns die Treue und war nie wegen gr\u00f6\u00dferer technischer St\u00f6rungen au\u00dfer Betrieb. Doch dann lief im Oktober 2007 die vierj\u00e4hrige Frist ab (Termin zur Zwischenuntersuchung). Wir verabschiedeten unsere Lok am 28.10.2007 mit einer [&hellip;]<\/p>\n","protected":false},"author":1,"featured_media":0,"parent":2,"menu_order":0,"comment_status":"closed","ping_status":"closed","template":"","meta":{"footnotes":""},"class_list":["post-118","page","type-page","status-publish","hentry"],"featured_image_url":[],"post_author":"admin","assigned_categories":"","yoast_head":"<!-- This site is optimized with the Yoast SEO plugin v27.1.1 - https:\/\/yoast.com\/product\/yoast-seo-wordpress\/ -->\n<title>Spenden - BW-Nossen<\/title>\n<meta name=\"robots\" content=\"index, follow, max-snippet:-1, max-image-preview:large, max-video-preview:-1\" \/>\n<link rel=\"canonical\" href=\"https:\/\/neu.bwnossen.de\/?page_id=118\" \/>\n<meta property=\"og:locale\" content=\"de_DE\" \/>\n<meta property=\"og:type\" content=\"article\" \/>\n<meta property=\"og:title\" content=\"Spenden - BW-Nossen\" \/>\n<meta property=\"og:description\" content=\"Seit dem\u00a007.12.2003\u00a0war unsere Dampflok 52 8047-4 als betriebsf\u00e4hige Lok im Einsatz und bespannte dabei zahlreiche Sonderz\u00fcge. In all den Jahren hielt sie uns die Treue und war nie wegen gr\u00f6\u00dferer technischer St\u00f6rungen au\u00dfer Betrieb. Doch dann lief im Oktober 2007 die vierj\u00e4hrige Frist ab (Termin zur Zwischenuntersuchung). Wir verabschiedeten unsere Lok am 28.10.2007 mit einer [&hellip;]\" \/>\n<meta property=\"og:url\" content=\"https:\/\/neu.bwnossen.de\/?page_id=118\" \/>\n<meta property=\"og:site_name\" content=\"BW-Nossen\" \/>\n<meta property=\"article:modified_time\" content=\"2025-08-31T15:29:52+00:00\" \/>\n<meta property=\"og:image\" content=\"https:\/\/neu.bwnossen.de\/wp-content\/uploads\/2025\/08\/pic_005.jpg\" \/>\n\t<meta property=\"og:image:width\" content=\"950\" \/>\n\t<meta property=\"og:image:height\" content=\"625\" \/>\n\t<meta property=\"og:image:type\" content=\"image\/jpeg\" \/>\n<meta name=\"twitter:card\" content=\"summary_large_image\" \/>\n<meta name=\"twitter:label1\" content=\"Gesch\u00e4tzte Lesezeit\" \/>\n\t<meta name=\"twitter:data1\" content=\"3\u00a0Minuten\" \/>\n<script type=\"application\/ld+json\" class=\"yoast-schema-graph\">{\"@context\":\"https:\/\/schema.org\",\"@graph\":[{\"@type\":\"WebPage\",\"@id\":\"https:\/\/neu.bwnossen.de\/?page_id=118\",\"url\":\"https:\/\/neu.bwnossen.de\/?page_id=118\",\"name\":\"Spenden - BW-Nossen\",\"isPartOf\":{\"@id\":\"https:\/\/neu.bwnossen.de\/#website\"},\"primaryImageOfPage\":{\"@id\":\"https:\/\/neu.bwnossen.de\/?page_id=118#primaryimage\"},\"image\":{\"@id\":\"https:\/\/neu.bwnossen.de\/?page_id=118#primaryimage\"},\"thumbnailUrl\":\"https:\/\/neu.bwnossen.de\/wp-content\/uploads\/2025\/08\/pic_005.jpg\",\"datePublished\":\"2025-08-31T15:27:04+00:00\",\"dateModified\":\"2025-08-31T15:29:52+00:00\",\"breadcrumb\":{\"@id\":\"https:\/\/neu.bwnossen.de\/?page_id=118#breadcrumb\"},\"inLanguage\":\"de\",\"potentialAction\":[{\"@type\":\"ReadAction\",\"target\":[\"https:\/\/neu.bwnossen.de\/?page_id=118\"]}]},{\"@type\":\"ImageObject\",\"inLanguage\":\"de\",\"@id\":\"https:\/\/neu.bwnossen.de\/?page_id=118#primaryimage\",\"url\":\"https:\/\/neu.bwnossen.de\/wp-content\/uploads\/2025\/08\/pic_005.jpg\",\"contentUrl\":\"https:\/\/neu.bwnossen.de\/wp-content\/uploads\/2025\/08\/pic_005.jpg\",\"width\":950,\"height\":625},{\"@type\":\"BreadcrumbList\",\"@id\":\"https:\/\/neu.bwnossen.de\/?page_id=118#breadcrumb\",\"itemListElement\":[{\"@type\":\"ListItem\",\"position\":1,\"name\":\"Startseite\",\"item\":\"https:\/\/neu.bwnossen.de\/\"},{\"@type\":\"ListItem\",\"position\":2,\"name\":\"Aus dem Verein\",\"item\":\"https:\/\/neu.bwnossen.de\/?page_id=2\"},{\"@type\":\"ListItem\",\"position\":3,\"name\":\"Spenden\"}]},{\"@type\":\"WebSite\",\"@id\":\"https:\/\/neu.bwnossen.de\/#website\",\"url\":\"https:\/\/neu.bwnossen.de\/\",\"name\":\"BW-Nossen\",\"description\":\"\",\"publisher\":{\"@id\":\"https:\/\/neu.bwnossen.de\/#organization\"},\"potentialAction\":[{\"@type\":\"SearchAction\",\"target\":{\"@type\":\"EntryPoint\",\"urlTemplate\":\"https:\/\/neu.bwnossen.de\/?s={search_term_string}\"},\"query-input\":{\"@type\":\"PropertyValueSpecification\",\"valueRequired\":true,\"valueName\":\"search_term_string\"}}],\"inLanguage\":\"de\"},{\"@type\":\"Organization\",\"@id\":\"https:\/\/neu.bwnossen.de\/#organization\",\"name\":\"BW-Nossen\",\"url\":\"https:\/\/neu.bwnossen.de\/\",\"logo\":{\"@type\":\"ImageObject\",\"inLanguage\":\"de\",\"@id\":\"https:\/\/neu.bwnossen.de\/#\/schema\/logo\/image\/\",\"url\":\"https:\/\/neu.bwnossen.de\/wp-content\/uploads\/2025\/09\/logo_bwnossen_klein2.png\",\"contentUrl\":\"https:\/\/neu.bwnossen.de\/wp-content\/uploads\/2025\/09\/logo_bwnossen_klein2.png\",\"width\":379,\"height\":379,\"caption\":\"BW-Nossen\"},\"image\":{\"@id\":\"https:\/\/neu.bwnossen.de\/#\/schema\/logo\/image\/\"}}]}<\/script>\n<!-- \/ Yoast SEO plugin. -->","yoast_head_json":{"title":"Spenden - BW-Nossen","robots":{"index":"index","follow":"follow","max-snippet":"max-snippet:-1","max-image-preview":"max-image-preview:large","max-video-preview":"max-video-preview:-1"},"canonical":"https:\/\/neu.bwnossen.de\/?page_id=118","og_locale":"de_DE","og_type":"article","og_title":"Spenden - BW-Nossen","og_description":"Seit dem\u00a007.12.2003\u00a0war unsere Dampflok 52 8047-4 als betriebsf\u00e4hige Lok im Einsatz und bespannte dabei zahlreiche Sonderz\u00fcge. In all den Jahren hielt sie uns die Treue und war nie wegen gr\u00f6\u00dferer technischer St\u00f6rungen au\u00dfer Betrieb. Doch dann lief im Oktober 2007 die vierj\u00e4hrige Frist ab (Termin zur Zwischenuntersuchung). Wir verabschiedeten unsere Lok am 28.10.2007 mit einer [&hellip;]","og_url":"https:\/\/neu.bwnossen.de\/?page_id=118","og_site_name":"BW-Nossen","article_modified_time":"2025-08-31T15:29:52+00:00","og_image":[{"width":950,"height":625,"url":"https:\/\/neu.bwnossen.de\/wp-content\/uploads\/2025\/08\/pic_005.jpg","type":"image\/jpeg"}],"twitter_card":"summary_large_image","twitter_misc":{"Gesch\u00e4tzte Lesezeit":"3\u00a0Minuten"},"schema":{"@context":"https:\/\/schema.org","@graph":[{"@type":"WebPage","@id":"https:\/\/neu.bwnossen.de\/?page_id=118","url":"https:\/\/neu.bwnossen.de\/?page_id=118","name":"Spenden - BW-Nossen","isPartOf":{"@id":"https:\/\/neu.bwnossen.de\/#website"},"primaryImageOfPage":{"@id":"https:\/\/neu.bwnossen.de\/?page_id=118#primaryimage"},"image":{"@id":"https:\/\/neu.bwnossen.de\/?page_id=118#primaryimage"},"thumbnailUrl":"https:\/\/neu.bwnossen.de\/wp-content\/uploads\/2025\/08\/pic_005.jpg","datePublished":"2025-08-31T15:27:04+00:00","dateModified":"2025-08-31T15:29:52+00:00","breadcrumb":{"@id":"https:\/\/neu.bwnossen.de\/?page_id=118#breadcrumb"},"inLanguage":"de","potentialAction":[{"@type":"ReadAction","target":["https:\/\/neu.bwnossen.de\/?page_id=118"]}]},{"@type":"ImageObject","inLanguage":"de","@id":"https:\/\/neu.bwnossen.de\/?page_id=118#primaryimage","url":"https:\/\/neu.bwnossen.de\/wp-content\/uploads\/2025\/08\/pic_005.jpg","contentUrl":"https:\/\/neu.bwnossen.de\/wp-content\/uploads\/2025\/08\/pic_005.jpg","width":950,"height":625},{"@type":"BreadcrumbList","@id":"https:\/\/neu.bwnossen.de\/?page_id=118#breadcrumb","itemListElement":[{"@type":"ListItem","position":1,"name":"Startseite","item":"https:\/\/neu.bwnossen.de\/"},{"@type":"ListItem","position":2,"name":"Aus dem Verein","item":"https:\/\/neu.bwnossen.de\/?page_id=2"},{"@type":"ListItem","position":3,"name":"Spenden"}]},{"@type":"WebSite","@id":"https:\/\/neu.bwnossen.de\/#website","url":"https:\/\/neu.bwnossen.de\/","name":"BW-Nossen","description":"","publisher":{"@id":"https:\/\/neu.bwnossen.de\/#organization"},"potentialAction":[{"@type":"SearchAction","target":{"@type":"EntryPoint","urlTemplate":"https:\/\/neu.bwnossen.de\/?s={search_term_string}"},"query-input":{"@type":"PropertyValueSpecification","valueRequired":true,"valueName":"search_term_string"}}],"inLanguage":"de"},{"@type":"Organization","@id":"https:\/\/neu.bwnossen.de\/#organization","name":"BW-Nossen","url":"https:\/\/neu.bwnossen.de\/","logo":{"@type":"ImageObject","inLanguage":"de","@id":"https:\/\/neu.bwnossen.de\/#\/schema\/logo\/image\/","url":"https:\/\/neu.bwnossen.de\/wp-content\/uploads\/2025\/09\/logo_bwnossen_klein2.png","contentUrl":"https:\/\/neu.bwnossen.de\/wp-content\/uploads\/2025\/09\/logo_bwnossen_klein2.png","width":379,"height":379,"caption":"BW-Nossen"},"image":{"@id":"https:\/\/neu.bwnossen.de\/#\/schema\/logo\/image\/"}}]}},"jetpack_sharing_enabled":true,"_links":{"self":[{"href":"https:\/\/neu.bwnossen.de\/index.php?rest_route=\/wp\/v2\/pages\/118","targetHints":{"allow":["GET"]}}],"collection":[{"href":"https:\/\/neu.bwnossen.de\/index.php?rest_route=\/wp\/v2\/pages"}],"about":[{"href":"https:\/\/neu.bwnossen.de\/index.php?rest_route=\/wp\/v2\/types\/page"}],"author":[{"embeddable":true,"href":"https:\/\/neu.bwnossen.de\/index.php?rest_route=\/wp\/v2\/users\/1"}],"replies":[{"embeddable":true,"href":"https:\/\/neu.bwnossen.de\/index.php?rest_route=%2Fwp%2Fv2%2Fcomments&post=118"}],"version-history":[{"count":2,"href":"https:\/\/neu.bwnossen.de\/index.php?rest_route=\/wp\/v2\/pages\/118\/revisions"}],"predecessor-version":[{"id":122,"href":"https:\/\/neu.bwnossen.de\/index.php?rest_route=\/wp\/v2\/pages\/118\/revisions\/122"}],"up":[{"embeddable":true,"href":"https:\/\/neu.bwnossen.de\/index.php?rest_route=\/wp\/v2\/pages\/2"}],"wp:attachment":[{"href":"https:\/\/neu.bwnossen.de\/index.php?rest_route=%2Fwp%2Fv2%2Fmedia&parent=118"}],"curies":[{"name":"wp","href":"https:\/\/api.w.org\/{rel}","templated":true}]}}